{"id":1194,"date":"2019-07-23T07:21:25","date_gmt":"2019-07-23T05:21:25","guid":{"rendered":"https:\/\/shop.saddleshop-aachen.de\/?post_type=product&#038;p=1194"},"modified":"2023-06-20T09:04:55","modified_gmt":"2023-06-20T07:04:55","slug":"fiebings-leather-sheen-spruehdose-300g-farblos","status":"publish","type":"product","link":"https:\/\/shop.saddleshop-aachen.de\/index.php\/produkt\/fiebings-leather-sheen-spruehdose-300g-farblos\/","title":{"rendered":"Fiebing&#8217;s Leather Sheen, Spr\u00fchdose 300g, farblos"},"content":{"rendered":"<ul>\n<li>Fiebing&#8217;s Leather Sheen<\/li>\n<li>Lederglanz mit flexibler und wasserabweisender Oberfl\u00e4che f\u00fcr vegetabile Leder<\/li>\n<li>Sch\u00fctzt das Leder vor dem Austrocknen<\/li>\n<li>Spr\u00fchdose 300g<\/li>\n<li>Farblos<\/li>\n<\/ul>\n","protected":false},"excerpt":{"rendered":"<p>Fiebing&#8217;s Leather Sheen Lederglanz mit flexibler und wasserabweisender Oberfl\u00e4che f\u00fcr vegetabile Leder Sch\u00fctzt das Leder vor dem Austrocknen Spr\u00fchdose 300g Farblos<\/p>\n","protected":false},"featured_media":1195,"template":"","meta":{"spay_email":""},"_links":{"self":[{"href":"https:\/\/shop.saddleshop-aachen.de\/index.php\/wp-json\/wp\/v2\/product\/1194"}],"collection":[{"href":"https:\/\/shop.saddleshop-aachen.de\/index.php\/wp-json\/wp\/v2\/product"}],"about":[{"href":"https:\/\/shop.saddleshop-aachen.de\/index.php\/wp-json\/wp\/v2\/types\/product"}],"wp:featuredmedia":[{"embeddable":true,"href":"https:\/\/shop.saddleshop-aachen.de\/index.php\/wp-json\/wp\/v2\/media\/1195"}],"wp:attachment":[{"href":"https:\/\/shop.saddleshop-aachen.de\/index.php\/wp-json\/wp\/v2\/media?parent=1194"}],"curies":[{"name":"wp","href":"https:\/\/api.w.org\/{rel}","templated":true}]}}