{"id":2190,"date":"2021-08-27T09:09:35","date_gmt":"2021-08-27T07:09:35","guid":{"rendered":"https:\/\/shop.saddleshop-aachen.de\/?post_type=product&#038;p=2190"},"modified":"2023-06-20T09:44:56","modified_gmt":"2023-06-20T07:44:56","slug":"fiebings-prime-neatsfoot-oil-compound-32oz-946ml","status":"publish","type":"product","link":"https:\/\/shop.saddleshop-aachen.de\/index.php\/produkt\/fiebings-prime-neatsfoot-oil-compound-32oz-946ml\/","title":{"rendered":"Fiebing\u00b4s \u2013 Prime Neatsfoot Oil &#8211; Compound \u2013 946ml"},"content":{"rendered":"<ul>\n<li>Fiebing\u00b4s \u2013 Prime Neatsfoot Oil &#8211; Compound \u2013 946ml<\/li>\n<li>sehr gut geeignet zur Pflege von allen Lederprodukten ( Sattel, Boots, uvm. )<\/li>\n<li>impr\u00e4gniert und sch\u00fctzt das Leder durch das \u00e4therische \u00d6l vor Umwelteinfl\u00fcssen ( N\u00e4sse, Sonne, uvm. )<\/li>\n<\/ul>\n<h5><\/h5>\n","protected":false},"excerpt":{"rendered":"<p>Fiebing\u00b4s \u2013 Prime Neatsfoot Oil &#8211; Compound \u2013 946ml sehr gut geeignet zur Pflege von allen Lederprodukten ( Sattel, Boots, uvm. ) impr\u00e4gniert und sch\u00fctzt das Leder durch das \u00e4therische \u00d6l vor Umwelteinfl\u00fcssen ( N\u00e4sse, Sonne, uvm. )<\/p>\n","protected":false},"featured_media":2510,"template":"","meta":{"spay_email":""},"_links":{"self":[{"href":"https:\/\/shop.saddleshop-aachen.de\/index.php\/wp-json\/wp\/v2\/product\/2190"}],"collection":[{"href":"https:\/\/shop.saddleshop-aachen.de\/index.php\/wp-json\/wp\/v2\/product"}],"about":[{"href":"https:\/\/shop.saddleshop-aachen.de\/index.php\/wp-json\/wp\/v2\/types\/product"}],"wp:featuredmedia":[{"embeddable":true,"href":"https:\/\/shop.saddleshop-aachen.de\/index.php\/wp-json\/wp\/v2\/media\/2510"}],"wp:attachment":[{"href":"https:\/\/shop.saddleshop-aachen.de\/index.php\/wp-json\/wp\/v2\/media?parent=2190"}],"curies":[{"name":"wp","href":"https:\/\/api.w.org\/{rel}","templated":true}]}}