{"id":669,"date":"2019-04-01T13:45:16","date_gmt":"2019-04-01T11:45:16","guid":{"rendered":"https:\/\/shop.saddleshop-aachen.de\/?post_type=product&#038;p=669"},"modified":"2022-06-13T10:48:08","modified_gmt":"2022-06-13T08:48:08","slug":"equiflex-pro-reiner","status":"publish","type":"product","link":"https:\/\/shop.saddleshop-aachen.de\/index.php\/produkt\/equiflex-pro-reiner\/","title":{"rendered":"Equiflex Pro Reiner"},"content":{"rendered":"<p>Top-Reiningsattel mit universeller Equiflex-Passform. Neu: Facelift f\u00fcr noch besseren Komfort. Erh\u00e4ltlich in hell und dunkel ge\u00f6lt oder dunkel gegerbt.<\/p>\n<p>Grundpreis: 2.750,- \u20ac<\/p>\n<ul>\n<li>Full-Quarter<\/li>\n<li>Semi-Full-Quarter<\/li>\n<li>MW \/ HW<\/li>\n<li>16&#8243;, 15,5&#8243;<\/li>\n<\/ul>\n","protected":false},"excerpt":{"rendered":"<p>Top-Reiningsattel mit universeller Equiflex-Passform. Neu: Facelift f\u00fcr noch besseren Komfort. Erh\u00e4ltlich in hell und dunkel ge\u00f6lt oder dunkel gegerbt. Grundpreis: 2.750,- \u20ac Full-Quarter Semi-Full-Quarter MW \/ HW 16&#8243;, 15,5&#8243;<\/p>\n","protected":false},"featured_media":670,"template":"","meta":{"spay_email":""},"_links":{"self":[{"href":"https:\/\/shop.saddleshop-aachen.de\/index.php\/wp-json\/wp\/v2\/product\/669"}],"collection":[{"href":"https:\/\/shop.saddleshop-aachen.de\/index.php\/wp-json\/wp\/v2\/product"}],"about":[{"href":"https:\/\/shop.saddleshop-aachen.de\/index.php\/wp-json\/wp\/v2\/types\/product"}],"wp:featuredmedia":[{"embeddable":true,"href":"https:\/\/shop.saddleshop-aachen.de\/index.php\/wp-json\/wp\/v2\/media\/670"}],"wp:attachment":[{"href":"https:\/\/shop.saddleshop-aachen.de\/index.php\/wp-json\/wp\/v2\/media?parent=669"}],"curies":[{"name":"wp","href":"https:\/\/api.w.org\/{rel}","templated":true}]}}